 of i?
9
Let q be (2/(-4))/((-3)/18). Suppose q*b - 3*o - 396 = 0, b + 261 = 3*b - o. What is the tens digit of b?
2
Let y(d) = -2*d - 3. Let f be y(-4). Suppose 62 = f*s - 108. What is the tens digit of s?
3
Suppose -3*t + 5*t = 8. Suppose -t*i = -5*w + 1158, 2*w + 4*i = -0*w + 452. What is the hundreds digit of w?
2
Suppose 0 = -3*k + 5 + 13. Suppose -2*j - k*j + 1128 = 0. What is the tens digit of j?
4
Suppose -7*t + 150 = -2*t. Let z = -1 - t. Let p = 45 + z. What is the tens digit of p?
1
Let x be (7 - 7) + 15/3. Suppose 3*c = -2*c + 5*a + 650, 0 = x*c - 2*a - 644. What is the units digit of c?
8
Let i = 79 + -88. What is the tens digit of (i/(72/(-944)))/(1 + 1)?
5
Let x(f) = 3*f - 16. Let p(a) = a**2 - 3 - 3*a - 2*a + 0. Let w be p(7). What is the units digit of x(w)?
7
Let r = 12 - -208. What is the units digit of r?
0
Suppose 339 = 4*i + 3*z - 6*z, 0 = -2*i - 5*z + 163. What is the units digit of i?
4
Suppose o - 2*o = 5*u - 7, 0 = -3*o - 5*u + 41. Let n = o - -13. What is the units digit of n?
0
Let j(h) = 24*h**2 - 10*h - 64. What is the thousands digit of j(13)?
3
Suppose -12*t - 6 = -14*t. Suppose t*a + 12 = -a. What is the tens digit of (-106)/a + (-6)/(-9)?
3
Let g(l) be the first derivative of l**4/4 - l**3/3 - 2*l**2 + 8*l + 17. Let w be 8/36*-6*-3. What is the tens digit of g(w)?
4
Let l be (-3)/(4/(-14) - (-311)/1162). What is the tens digit of l + ((-2)/1 + 2)/(-2)?
6
Suppose 562 + 2144 = 11*y. Suppose -17*l + y = -15*l. What is the units digit of l?
3
Suppose 5*a - 105 = 30. Let g(m) = -2*m - 2. Let d be g(2). What is the units digit of (-8)/d*a/6?
6
Let d be ((-346)/(-5))/(16/40). Suppose -24 - d = -a - 5*m, -4*m + 613 = 3*a. What is the hundreds digit of a?
2
Suppose -7*m + 5*m = -4. Let b be (-3 - -67) + (0 - m). What is the units digit of b/6 + 2/(-6)?
0
Let w = -15 - -15. Suppose 0 = -w*q + q - 4. Suppose 0*m + 29 = q*u + 3*m, -2*u - 4*m = -22. What is the units digit of u?
5
What is the units digit of (-17)/(680/(-2368))*(-30)/(-4)?
4
Suppose -3*k = 5*s + 9, -4 = -2*s + k - 1. Let o be -7*(-1 - (0 + s)). Let h = o + 18. What is the tens digit of h?
2
Let s(u) be the first derivative of -u**4/4 + 14*u**3/3 - 7*u**2/2 - 6*u - 37. What is the hundreds digit of s(5)?
1
Let q be ((-7)/(-2))/((-4)/24). Let i = q + 79. What is the tens digit of i?
5
Suppose -4 = z, 4*z + 19 = 3*h - 0*z. Suppose -71 = -q - h. What is the units digit of q?
0
Suppose -3*q + 2390 = -124. What is the units digit of q?
8
Suppose 18*d = -60 - 30. What is the hundreds digit of 224 + (15/d - 1)?
2
Suppose -7*g + 8 = -3*g. What is the tens digit of g*(-6)/(-4)*24?
7
Let h(l) = l**2 - 5*l - 7. Suppose -7*m + 2*m - 14 = -2*b, -3*b + 3*m = -30. What is the units digit of h(b)?
7
Let q(s) = 334*s - 205. What is the units digit of q(13)?
7
Suppose -5*b = -10*b + 75. Let a be 6/10 + 141/b. Suppose 0 = -5*v + a, -v + 4*v = 2*m - 54. What is the tens digit of m?
3
Let h = -67 - -71. Suppose h*l - 82 = 3*z, 4*z = 7*z - 6. What is the tens digit of l?
2
Let t(o) = 2*o**2 - 3*o + 6. Let y(p) be the second derivative of p**5/20 - p**4/6 - 2*p**3/3 + 3*p**2 - 11*p. Let m be y(3). What is the units digit of t(m)?
5
Let k be (-9)/(-6) + (-14)/(-4). Let r be 61/2 - 65/26. Let l = r + k. What is the units digit of l?
3
Let x(j) = j**3 - 18*j**2 + j - 14. Let i be x(18). Suppose i*s - 231 + 75 = 0. What is the units digit of s?
9
Let g(q) be the second derivative of -2*q**5/5 + q**4/6 - q**3/6 - q**2 + 49*q. What is the units digit of g(-3)?
5
Let p(d) be the third derivative of -d**4/3 + 5*d**3 + 16*d**2. What is the tens digit of p(-7)?
8
Let m be -4*((-1)/2 + 1). Let v(u) = 0 - 3*u + 8 - 9 - 2 + 4. What is the units digit of v(m)?
7
Suppose 104 = -4*l + 432. What is the tens digit of l?
8
Let v(a) = -2*a**2 - 45*a + 21. What is the tens digit of v(-16)?
2
Suppose 3*v = -o + v + 153, 5*o - 783 = -4*v. What is the hundreds digit of o?
1
Suppose 2*b - o - 3083 = 0, -19*b = -14*b - o - 7700. What is the hundreds digit of b?
5
Suppose 5*o + 11 = -r, 8 = 3*o + 4*r + 1. Let z be (-36)/(-12) + o*1. Let s(d) = d**3 - d**2 + 19. What is the units digit of s(z)?
9
Let h(r) = r**2 + 4*r. Let d(x) = -x**2 - 5*x + 1. Let a(b) = 4*d(b) + 3*h(b). Let o(w) be the first derivative of a(w). What is the tens digit of o(-10)?
1
Suppose 31*p = -44*p + 76650. What is the hundreds digit of p?
0
Suppose -7*u + 598 = -67. Let z = u - 69. What is the tens digit of z?
2
Suppose 4*u + 28 = 4*n, 4 + 13 = -n - 5*u. Suppose -o + 0 = -n. Suppose 4*q = -o*w - 4 + 12, -4*w - 6 = -3*q. What is the units digit of q?
2
Let r be (-14)/49*-1*7. Let m(g) = 2 + g**2 - 11*g + 0*g**r + 3*g. What is the units digit of m(10)?
2
Suppose 0*t - 3*t = -429. Let o = t - 92. What is the units digit of o?
1
Suppose 3*v = -v. Suppose v = -2*j - 0*g - 5*g - 19, g - 10 = -5*j. Suppose 2*p - 5*k = -j*p + 195, -5*k - 15 = 0. What is the tens digit of p?
3
Let g be (6/9)/(2/(-39)). Let a = 26 + g. Suppose -i + a = -3. What is the units digit of i?
6
Let c(j) = 2*j**3 + 6*j**2 - 3*j**3 - 22*j + 21*j. Let w be c(4). Let s = w - 7. What is the units digit of s?
1
Let h = -37 + 43. Suppose -34 = -h*v + 26. What is the tens digit of v?
1
Let l = 20 - 30. Let c = l + 12. Suppose 4*m + c = 42. What is the units digit of m?
0
Let k(f) = -f**2 + 9*f - 3*f + 8 - 3*f + 7*f. Let h be k(7). Suppose -3*s + h = -19. What is the tens digit of s?
1
Let r(k) be the third derivative of k**5/15 + k**4/24 + 5*k**3/3 + 5*k**2 + 3. What is the tens digit of r(-5)?
0
Let t be 18/(-4) - (-2)/4. Let i(n) = n**3 + 8*n**2 - 2*n - 11. Let q be i(-8). What is the tens digit of (t - -85)*q/15?
2
Let g(h) = -2 + 3*h**3 + 15*h + 17*h**2 + 0*h**3 - 2*h**3. What is the tens digit of g(-16)?
1
What is the tens digit of 24/(-60) - (5522/(-5) - 1)?
0
Suppose 0 = 26*o - 21*o. Suppose -4*i + 153 = -g, -3*g - 3 = -o*g. What is the tens digit of i?
3
Suppose -p + 981 = 220. What is the hundreds digit of p?
7
Let n(v) be the second derivative of v**3/6 + 41*v**2/2 - 38*v. What is the units digit of n(7)?
8
Suppose -8*q + 2*q + 108 = 0. Let p = q - -8. What is the tens digit of p?
2
Let u(w) = -6*w + 58. Suppose -6*l - 41 = 85. What is the tens digit of u(l)?
8
Let j = 18 - 14. Suppose 5*b - 610 = -4*t, j*b - 3*t + 2*t - 509 = 0. What is the units digit of b?
6
Let i(a) = -a**3 - 12*a**2 - 8*a - 14. Let q be i(-11). Let h = q + 87. Suppose -3*v = g - h + 1, -5*v = -5*g + 235. What is the tens digit of g?
4
Suppose 18475 = 27*i - 41357. What is the thousands digit of i?
2
Suppose -4*u - 1140 = -0*v + 3*v, 4*v + 5*u + 1521 = 0. Let o be (v/(-18))/((-2)/6). What is the units digit of o/(-30) - (-12)/(-90)?
2
Let m(s) = -97*s - 108. What is the units digit of m(-31)?
9
Let w = 10549 - 5695. What is the hundreds digit of w?
8
Suppose -5*x = -3*h + 826, 3*h - 257 = 3*x + 559. What is the tens digit of h?
6
Let o be (-6)/(-5)*20/3. Let r(v) be the third derivative of v**4/4 + 11*v**3/6 + 2*v**2 + 53. What is the units digit of r(o)?
9
Let o = 45 + -15. What is the units digit of o?
0
Let u(f) = -11*f**2 + f + 4. Let r(w) = 12*w**2 - 2*w - 3. Let g(k) = -6*r(k) - 7*u(k). What is the units digit of g(-5)?
0
Suppose 2092 = 4*f - 472. What is the units digit of f?
1
Let z(s) = 2*s + 17 + 5*s**2 - 16*s - 4*s**2. Let r be z(12). Let f(v) = -v**2 - 10*v + 10. What is the units digit of f(r)?
1
What is the units digit of -2154*(-3)/18 + (0 - -4)?
3
Let x(p) = 103*p**2 + 4*p + 26. Let q be x(-9). What is the tens digit of q/39 + (-1)/(-3)?
1
Let w = 69 - 43. Let z = w - -20. What is the units digit of z?
6
Suppose 0*n = 4*n - 8. Suppose 0 = 7*c - n*c + 15, 0 = -3*h + 4*c + 327. Suppose 4*w + w = -5*a + h, 2*a = 0. What is the units digit of w?
1
Suppose -10 = -2*n + 2*h, 2*n - 3*n = -3*h + 3. Let l = 13 - n. Suppose -6*g + 12 = -l*g. What is the units digit of g?
6
Suppose -12*d - 25 = -7*d. Let z(f) be the first derivative of -7*f**2/2 + 9*f - 3. What is the tens digit of z(d)?
4
Let c(g) be the third derivative of -g**5/60 + 7*g**4/8 + 2*g**3/3 + 15*g**2. What is the units digit of c(21)?
4
Let d = -33 - -33. Suppose -5 = 2*r + h, d = r + 3*r - 2*h - 10. Suppose -q = 3*z - 81, 3*q - 2*z - 210 = -r*z. What is the units digit of q?
2
Let g(w) = w**2 - 43*w - 64. Let x be g(28)